Suppose 0*z - 4*z = -16. Suppose -f = -z*u - 12. What is the units digit of u?
8
Let m(n) = -n**3 + 11*n**2 - 10*n + 2. Let c be m(9). Let i = -34 + c. What is the tens digit of i?
4
Suppose -24 = -3*w + 4*f, -9 = -w + f - 2. Suppose 52 = -w*m + 236. What is the units digit of m?
6
Let z(i) = -17*i - 3. Let f be z(-3). What is the units digit of 3/(3/(f + -3))?
5
Suppose 123 = -0*o - 3*o. Let r = -27 - o. What is the tens digit of r?
1
Let c be (-42)/(-35)*5/2. Let u(q) = q**2 - 3*q + 1. What is the units digit of u(c)?
1
Let x(d) = -28*d - 3. What is the units digit of x(-2)?
3
Suppose 10 = -0*y + 5*y. Suppose 4*w = y*w + 36. What is the units digit of w?
8
Suppose f + 4 = 3*f. Suppose -f = -z - 0. What is the units digit of z?
2
Suppose 5*j = 4*j - 3*m + 19, -4*j + 4*m + 28 = 0. What is the units digit of j?
0
Let x(v) = v**3 + 5*v**2 - 8*v + 4. Let a be x(-6). Suppose 5*m = 0, m + 67 = 3*p + a. Let o = p + -12. What is the units digit of o?
5
Let q = 2 + -2. Suppose 3*d + 2*d - 65 = q. What is the tens digit of d?
1
Suppose 2*l + 2 = -0. What is the tens digit of 14 + 1 - (0 - l)?
1
Let j = 29 + -42. Let v be j/(-4) - 4/16. Suppose v*w - 3 = -0. What is the units digit of w?
1
Suppose -5*m + 2*m = -42. Let l = 17 - m. What is the units digit of l?
3
Let m(b) = -b**3 + 2*b**2 + 3*b - 2. Let t(r) = r + 8. Let p be t(-6). What is the units digit of m(p)?
4
What is the hundreds digit of 2*(-4 + 111/24)*188?
2
Let o(p) = p - 4. Let i be o(6). Suppose -18 = -4*d - i. What is the units digit of d?
4
Let a(c) = c**2 - 3*c + 4. Let i(w) = 3*w**2 - 5*w + 7. Let b(u) = 5*a(u) - 3*i(u). Let q be b(-1). Let r = q + 8. What is the units digit of r?
3
Suppose 1 = 5*r + 5*c - 4, 0 = -2*r + c - 1. Suppose r = 2*f + 4*f - 36. What is the units digit of f?
6
Let v = 3 + -5. Let x = v - -5. Suppose x*a = -a + 20. What is the units digit of a?
5
Suppose -3*m = 5*p - 104, -2*p + 38 = 2*m - 6. What is the tens digit of p?
1
Let l(u) = -u**2 + 1. Let i(d) = -2*d + 7. Let x(q) = i(q) - 6*l(q). Let h = -3 - -4. What is the units digit of x(h)?
5
Let f(z) = -3*z**3 - 9 - 10*z + z**3 + z**3 - 2*z - 11*z**2. What is the units digit of f(-10)?
1
Let f = 1 - -1. Let u(a) = a**2 + 6*a. Let j be u(-7). Suppose -f*o + j*o = 5. What is the units digit of o?
1
Let l = -8 + 12. What is the units digit of (3/l)/(2/32)?
2
What is the units digit of 57 + -13 + (-3 - 0)?
1
Suppose -2*q - 4 = -4*q. Suppose 4*c = 6*c - q. What is the units digit of c*((-4 - -2) + 3)?
1
Let y be 4/(-2) + (9 - 4). Suppose 60 = 7*v - y*v. What is the units digit of v?
5
Let b(n) be the second derivative of -1/2*n**2 - 4*n + 0 + 1/3*n**3. What is the units digit of b(4)?
7
Let y = -100 + 222. What is the tens digit of y?
2
Suppose 218 = 3*s - a, 2*s + 2*a + 2*a - 150 = 0. What is the units digit of s?
3
Suppose 9*m = 60 + 246. What is the tens digit of m?
3
Let g(j) = -j**2 + 3*j - 4. Let s be g(3). Let n = 5 + s. What is the units digit of n?
1
Suppose 0 = 3*k + 2*j - 155, -117 = -4*k + 2*j + 71. Suppose -6*g - 53 = -2*z - 9*g, -141 = -4*z + g. Let d = k - z. What is the tens digit of d?
1
Let t be -106*1/(-2)*3. What is the tens digit of 8/20 + t/15?
1
Let t be 0/1*(-3)/6. Let f be (3 + -2 + 0)*t. Suppose -2*j + 34 = -f*j. What is the units digit of j?
7
Suppose -5*a = -17 + 7. Suppose 0 = 2*z + 5*v - 31, a*z - 19 = -z - 2*v. Suppose -2*f - 19 = -z*f. What is the units digit of f?
9
Let n = 0 + 2. Suppose 0 = 5*p - n*p. Let b(l) = l**2 + l + 6. What is the units digit of b(p)?
6
Let o(c) = 5 - c**2 + c**2 + 3*c - c**3 - 8*c**2 - 4*c. What is the units digit of o(-8)?
3
What is the hundreds digit of 11/22*(-3)/(3/(-394))?
1
Suppose -9 = 2*w - 3. Let r = w - -11. What is the units digit of r?
8
Let o be (-6)/4*264/(-9). Suppose 40 = 3*m - o. What is the units digit of m?
8
Suppose c = 5 + 1. Let o = c - 3. Suppose o*t = -12 + 45. What is the tens digit of t?
1
Let y(h) = h**2 - 6*h + 12. Let i be y(5). What is the units digit of 1/((i - 3)/4)?
1
Let a(d) = d**2 - 12 - 3 - 4 + 3 - 9*d. What is the units digit of a(11)?
6
Suppose 0*f - 4*f = -20. Suppose 2*b + 2*b - 176 = -5*z, 5*z - 180 = -5*b. Suppose -2*v + f*l = -z, -v + 0*v + 17 = -3*l. What is the tens digit of v?
1
Suppose -4*z = -5*z + 4. Let f(p) be the second derivative of p**4/12 - 2*p**3/3 + 3*p**2 + 3*p. What is the units digit of f(z)?
6
Let j = -1 - 1. What is the units digit of -3*((-28)/6 - j)?
8
Let g be (1 + -1)/(-1) - 0. Suppose g = 2*v - 3*v - 4. Let l = 0 - v. What is the units digit of l?
4
Suppose 3 = c + 2. Suppose -n - 2*n = -h + 1, 5*n + h = c. Let r = n - -15. What is the tens digit of r?
1
Let l = -24 - -26. Suppose 3*p = 4*i - 168, l*i - 25 = i + 5*p. What is the tens digit of i?
4
Let t(i) = -2*i**2 - 36*i + 31. What is the units digit of t(-17)?
5
Let o(x) = -9*x - 15. What is the units digit of o(-10)?
5
Let l(o) = o**3 - 3*o**2 - 2*o - 5. Let v be (0 - 2 - -1)*7. Let a = -3 - v. What is the units digit of l(a)?
3
Suppose -3*f + 7*f = 12. Let c(o) = 12 + 3*o - f*o + 2*o - 3*o. What is the units digit of c(10)?
2
What is the tens digit of 1772/6 - 16/48?
9
Let i(v) = -v - 1. Let h be i(-4). Let s(p) = 4*p + 4. Let q be s(h). Suppose 2*l - 8 = 4*w, -2*l + q = 2*l - 3*w. What is the units digit of l?
4
Let t(i) = -i + 1. Let v(n) = -3*n + 10. Let j(y) = 5*t(y) - v(y). What is the units digit of j(-9)?
3
Suppose p - 165 = -5*x, 4*x - p + 5*p - 148 = 0. What is the tens digit of x?
3
Let x = 3 + 5. What is the units digit of x?
8
Let m = -34 + -7. Let g = -17 - m. What is the tens digit of g?
2
What is the tens digit of (-2)/(-5) - (-1038)/30?
3
Let t(q) = q**3 - 2*q**2 + 2*q - 2. Let b be t(2). Suppose -n + 12 = b*n. Suppose m + 5*l - 3 = 0, -4*l = n*m - m - 9. What is the units digit of m?
3
Suppose 0 = -2*b + 7*b - 145. What is the tens digit of b?
2
Suppose 3*b - 45 = 153. Suppose b - 6 = 4*c. What is the units digit of c?
5
Let t(l) = l**2 + l + 7. What is the units digit of t(-4)?
9
Suppose 5*w = 4*w. Suppose w = 2*z + 2*z. Suppose -5*q = -3*s - 29, z = 3*q - 4*s + 4 - 17. What is the units digit of q?
7
Let w = -11 + 24. What is the units digit of w?
3
Let d = 37 + -23. Let o = 8 - d. Let n = 2 - o. What is the units digit of n?
8
Let y be 62/3 + (-3)/(-9). Let u = -9 + y. What is the tens digit of u?
1
Suppose 3*p + 2*q - 568 = 0, 2*p + 4 = 2*q + 396. What is the hundreds digit of p?
1
Let x(u) be the second derivative of -4*u**3 - 3*u**2/2 + 5*u. What is the units digit of x(-1)?
1
What is the units digit of 3*(7 + -4 + 4)?
1
Let c be ((-3)/1 - -1)*-3. Suppose 0 = 5*k + c*s - 2*s - 20, -5 = -k - s. What is the units digit of (k - -10) + -3 + 1?
8
Let q = 42 + -21. What is the tens digit of q?
2
Let h(f) = f**3 + 10*f**2 - 4*f + 12. What is the units digit of h(-5)?
7
Let i be 3 - (-4 - -2)/2. Suppose 4*v - i = -0*v. What is the units digit of (-1 - v)/(-1) + 0?
2
Let v(o) = 7*o - 12. Let w(h) be the second derivative of h**3/6 + 2*h. Let q(b) = -v(b) + 6*w(b). What is the units digit of q(6)?
6
Let b(u) be the second derivative of 2*u**3/3 - 2*u**2 - 2*u. What is the units digit of b(4)?
2
Suppose 7 - 19 = -4*i. Suppose -i*h + 70 = -4*t, h - 52 = -4*t - 18. What is the units digit of h?
6
Suppose 0*t - t = -121. Suppose -6*i + t = -65. What is the tens digit of i?
3
Let p = -16 - -9. What is the units digit of p/((-3 + 4)/(-1))?
7
What is the tens digit of 15 + (-3 + 2)/(-1)?
1
Suppose 0*g - 2*g = -130. What is the tens digit of g?
6
Suppose -4*q + 2*q + 4 = -u, 4*u + 4*q = -4. What is the units digit of (-39)/u + (-5)/(-10)?
0
Let n = -17 + 4. Let h = n - -22. What is the units digit of h?
9
Let a(k) = -k**3 + 11. What is the tens digit of a(0)?
1
Let k be (-2 - -3)*5/1. Suppose k*s - s = 0. What is the units digit of ((s + -1)*-14)/2?
7
Let m = 198 - 73. What is the tens digit of m?
2
Let p(z) = -2*z**2 - z + 4*z**2 - 4 - 4*z. Let i be p(4). Suppose -3*b = b - i. What is the units digit of b?
2
Suppose -3*o + 4*o - 22 = 0. What is the tens digit of o?
2
Let f = -12 - -12. Suppose -3*h + 4*q + 18 = 0, -h = -4*q + 2 - f. What is the tens digit of h?
1
Suppose c = -5*u + 2*c + 10, 0 = u + 3*c - 18. Let l(s) = 4 + 4*s + 2 - 5 - s + u*s**2. What is the units digit of l(-2)?
7
Let s(g) = g**3 + 4*g**2 + 4*g + 3. Let p